94. What is the tens digit of x?
0
Suppose 0 = -6*j - 28 + 76. Let b be j/12 + 218/6. Let x = b + -12. What is the units digit of x?
5
Let l(h) = 1938*h**2 + 12*h - 11. What is the thousands digit of l(1)?
1
Let t(b) = -b**2 + 8*b + 11. Let p be t(9). Suppose 5*n = 5*m + 585, p*m - 6*m - 583 = -5*n. What is the hundreds digit of n?
1
Suppose 0 = 4*i - w - 18 + 7, -4*w - 2 = 5*i. Suppose 4*z - i = 3*z. What is the units digit of 4 - (-1 + (1 - z))?
6
Suppose 2*u - 3 + 5 = -3*l, u = -5*l - 15. Suppose 158 = 7*j - u*j. What is the tens digit of j?
7
Let k(x) = -x**3 + 8*x**2 - x - 8. Let a be k(7). Suppose a*b = 29*b + 45. What is the units digit of b?
9
What is the tens digit of 1826 + (-62)/(-93) + (-20)/(-6)?
3
Let v(o) = 8*o**2 + 2*o - 2. Let a be (-25)/10*(-12)/(-10). What is the tens digit of v(a)?
6
Suppose 0 = 2*j - 3*u - 123, 2*j + 0*j - 128 = -2*u. Suppose -q + 3*o + j = -22, q = -5*o + 45. What is the tens digit of q?
7
Let k(y) = 4*y - 1. Let s(g) = g**2 - 2*g + 1. Let h be s(2). Let l be k(h). Suppose 3*i - 6 = -l*c + 6*i, c + 2 = -3*i. What is the units digit of c?
1
Suppose 2*s + 0*s = 0. Suppose s = -5*c + 168 + 82. Suppose 4*l - 4*b - 92 = 0, -l + c = l + 2*b. What is the tens digit of l?
2
Let t be 133/21 + (-1)/3. Suppose 2*q - t = -q. Suppose -4*g + 9*g = 0, q*a = 4*g + 40. What is the units digit of a?
0
Let c(z) = 87*z**2 - z - 1. Suppose q = 4*n - 4*q - 21, 0 = -n - 2*q - 11. Let v be c(n). What is the tens digit of (-1 - 0)/((-3)/v)?
2
Suppose -5*d = 4*l + 40, 0 = -5*l + d - 17 - 4. Let c(x) = -14*x - 14. What is the units digit of c(l)?
6
Let b be (-5)/(((-75)/18)/5). What is the units digit of 18*1 + (8 - b)?
0
Let d(n) = 6*n**2 - 94*n - 10. What is the units digit of d(30)?
0
Let i(d) = -9*d + 61. What is the hundreds digit of i(-29)?
3
Let f = 26 - 23. Suppose -f*a + 100 - 1 = 0. What is the units digit of a?
3
Suppose -474*y = -497*y + 73531. What is the tens digit of y?
9
Suppose 2*i - 12*i + 10 = 0. Let r(m) be the first derivative of 7*m**2/2 - m + 1. What is the units digit of r(i)?
6
Suppose 27*t - 83*t + 15568 = 0. What is the hundreds digit of t?
2
Let u(s) = -41*s + 120. What is the units digit of u(-8)?
8
Let x be 15/20 - 9279/(-12). What is the units digit of (-8)/44 + x/22?
5
What is the thousands digit of (1355 - 1) + (-27)/(108/(-8))?
1
Suppose 5*z + 18 = -2*u - 3, -2*z - 14 = -2*u. Let j(y) be the third derivative of y**5/12 + y**4/6 - y**3/2 + y**2. What is the tens digit of j(u)?
2
Let r be 6/5*(-20)/(-6). What is the tens digit of 8/r + -4 + 121?
1
Let l = 4 - 1. Suppose -5*z + l = 8. What is the units digit of z*36*(-14)/21?
4
Suppose b - 4 = -1. Suppose -5*u = -2*a - 19, -b*u + 5*a + 25 = 2*u. Suppose -5*h = 4 + 16, 5*s + u*h - 93 = 0. What is the units digit of s?
1
Suppose 190 = -41*y + 43*y. Let k = y - 57. What is the units digit of k?
8
Let v = -19 + 37. Suppose 3*g + 0*g = -v. What is the units digit of 51/g*(-4)/2?
7
Suppose -2*k - 3*y + 1277 = 0, -10*k + 6*k = 2*y - 2534. What is the units digit of k?
1
Let m be (-1)/(((-2)/(-8))/(-1)). What is the tens digit of (-3)/m + (-366)/(-8)?
4
Let l(f) = -2*f**2 - 8*f + 5. Let b be l(-4). Suppose 24 = -b*u + u. What is the tens digit of 40/(-3)*u/4?
2
Suppose 35 = 8*r - 3*r. Let z(b) = 9*b + 9. What is the units digit of z(r)?
2
Let j(c) = -3*c - 3. Let f be j(3). Let r = f + 18. Suppose -4*q = -r*q + 60. What is the units digit of q?
0
What is the units digit of ((-10)/4)/(3 + -2)*-242?
5
Let n(c) = 2*c**2 + 22*c + 102. What is the tens digit of n(-25)?
0
Let f(r) = 952*r**2 - 8*r + 8. What is the units digit of f(1)?
2
Let x(r) = 4*r - 21. Let p be x(6). Let j be (-4)/6 + 674/p. Suppose 6*m - j = 94. What is the tens digit of m?
5
Let r be (-5444)/(-12) - (-2)/18*3. Let m = r + -252. What is the hundreds digit of m?
2
Let r = -3 - -5. Let g(t) = t**2 + 3*t - 19. Let c be g(4). What is the units digit of r/9 - (-178)/c?
0
What is the tens digit of 2/17 - (-5606)/34?
6
Suppose -2*s - 46 + 54 = 0. What is the units digit of s?
4
Let p = 242 + -448. What is the tens digit of p/(-4) + 30/20?
5
Let w(i) be the first derivative of -i**4/4 + 8*i**3/3 - 4*i - 1. Let o be w(7). Suppose -3*y - 2*x = -o, 5*y - 6*x + x = 75. What is the tens digit of y?
1
Suppose -2*t + 464 = 156. Suppose 7*p - 539 = -t. What is the units digit of p?
5
Suppose -4*r - 126 = -778. What is the hundreds digit of r?
1
Suppose 0*o + 24 = 4*o. Suppose -4*c - 4 = -o*c. Suppose 5*a = 5*x - 105, 0*x = x - c*a - 18. What is the tens digit of x?
2
Let t = 7 - 2. Let x be 15*(8/t - 2). What is the units digit of 165/18 - (-1)/x?
9
Let a(s) = s**3 + 10*s**2 - 14*s - 3. Let h be (22/(-4))/((-8)/(-16)). Let z be a(h). Suppose -z = -f - 0*f. What is the units digit of f?
0
Suppose 0 = -4*t - u + 3*u + 120, 4*u = -2*t + 40. Suppose 0 = 23*l - t*l + 190. What is the units digit of l?
8
Let i = 360 - -14. What is the hundreds digit of i?
3
Let z = -306 - -428. Let r be 15/(-75) + z/10. Suppose r = 2*f - 56. What is the tens digit of f?
3
Suppose 18 = p + p. Suppose -12 = -p*m + 5*m. Suppose -m = -3*r, 18 = 4*b + r - 35. What is the units digit of b?
3
Suppose 0 = -2*h - 2*q + 1566, 451 = 4*h - 4*q - 2641. What is the tens digit of h?
7
What is the tens digit of 18364/16 + (-31)/(-124)?
4
Suppose -2*b = c - 1383, 5*b = 3*b + 3*c + 1403. What is the tens digit of b?
9
Let v(f) be the first derivative of 89*f**2/2 - 15*f - 11. Let h(n) = -44*n + 7. Let r(w) = -13*h(w) - 6*v(w). What is the tens digit of r(1)?
3
Suppose -272*v + 267*v = -2255. What is the hundreds digit of v?
4
Let g(s) = -6*s**3 + 15*s**2 + 22*s + 15. What is the tens digit of g(-7)?
5
Let q be (-4)/1 + -20 + 104. Suppose -q = -4*y - 4*y. What is the units digit of y?
0
Suppose b - 3*c = -b + 5603, 3*b + 4*c = 8430. What is the hundreds digit of b?
8
Suppose 0 = 13*t - 11*t. Suppose -5*k + 3*k = t. Suppose 2*d - 22 - 124 = k. What is the units digit of d?
3
Let h be 0 - (-153 + 5 - -2). Let s = h + -68. What is the tens digit of s?
7
Let d = 63 - 10. What is the units digit of d?
3
Let o(v) be the third derivative of 0 + 1/60*v**6 - 1/12*v**5 - 5*v**2 + v**3 + 0*v - 1/6*v**4. What is the units digit of o(4)?
8
Let u = -27 + 26. What is the units digit of (1408/6)/(-8)*u*3?
8
Let c = -32 + 51. Let w be (-2)/(-7) - 74/14. Let y = w + c. What is the tens digit of y?
1
Suppose 12*f - 1673 = 7*f - 3*o, 0 = -o - 4. What is the units digit of f?
7
Let p = -12 + 13. What is the tens digit of 35 + 2 - 2/p?
3
Let g = 124 + -164. Let x be -1 + 0 + (74 - -1). Let c = x + g. What is the tens digit of c?
3
What is the hundreds digit of (-3)/(-3)*1096/4?
2
Let g(q) = -48 + 6*q - 3*q - 11*q + 0*q. What is the units digit of g(-7)?
8
Let l be 3/1*(-36)/(-54). Suppose l = 3*r + 11, -5*r = 3*m - 465. What is the tens digit of m?
6
Let m = -213 - -345. Let k = -121 + m. What is the units digit of k?
1
Let i = 1099 + -644. What is the units digit of i?
5
What is the thousands digit of 4/3 - 25660/(-6)?
4
Let c be ((-16)/(-10))/(12/(-90)). Let l be 5*1*c/(-15). Suppose -3*i = q - 49 - 20, l*i = -q + 92. What is the units digit of i?
3
Let n(l) = 494*l**3 - 2*l**2 + 4*l - 2. What is the units digit of n(1)?
4
Suppose -6 = -3*c - 66. Let q = c + 11. What is the units digit of (-5)/(15/q) - -5?
8
Let h(f) = -f**2 + 2*f + 18. Let k be h(7). Let o(y) = y**2 + 16*y + 24. What is the units digit of o(k)?
1
Suppose 0 - 5 = q, -5*t = -4*q - 75. Suppose 0 = -2*u + t + 9. Let b(o) = -o**3 + 9*o**2 + 12*o + 3. What is the units digit of b(u)?
3
Let l(i) be the first derivative of -11*i**2 - 6*i - 50. What is the hundreds digit of l(-11)?
2
Let i = 28 - 26. Suppose -2*n - 675 = -5*r, 5*r - 606 = -i*n + 89. What is the hundreds digit of r?
1
Let s(v) = 4*v**3 + 4*v**2 - 4*v. Let i be s(2). Suppose -3 = 3*q + 3*n + 21, -5*q - i = -3*n. Let p = q + 24. What is the units digit of p?
6
Suppose j = -4*j - 1330. Let z = -133 - j. What is the units digit of z?
3
What is the hundreds digit of 2287/3 + (100/30)/5?
7
Let s(w) = 21*w + 10. Let u = 23 - 20. What is the units digit of s(u)?
3
Let b = -35 - -82. Let m be b + (0/3 - 4). Let s = 68 - m. What is the units digit of s?
5
Let r(s) = 7*s. Let k be r(-3). What is the units digit of 6/k - 1410/(-35)?
0
Let a = 11 + -8.